3*h + 7*h = 88. Let z be h/(-18) - -1 - 22/(-99). Suppose z = -7*l + 4*l - 9, 5*l - 459 = -3*p. What are the prime factors of p?
2, 79
Suppose 4*p - 763 - 1761 = 0. Suppose -7*a = -p + 64. Let d = a + 67. What are the prime factors of d?
2, 37
Let d(z) = 519*z + 4754. Let m be d(-7). Let b(v) = 2*v. Let x be b(1). Suppose -5*j - r + m = 0, 0*j - x*r + 892 = 4*j. What are the prime factors of j?
3, 5
What are the prime factors of 3*1/3*16570/10?
1657
Let y(a) = -18*a**3 + 112*a**2 + 24*a + 98. What are the prime factors of y(-9)?
2, 5519
Let g = -4766 + 8472. What are the prime factors of g?
2, 17, 109
Suppose -2*b - 4 = 0, -8*b - 556 = 2*o - 5*b. Let x = 485 + o. List the prime factors of x.
2, 3, 5, 7
Let q be 7 + (-8)/3 + (-26)/(-39). List the prime factors of (3 - (5 - 3))/(q/790).
2, 79
Let a be (-1 - (-9)/3)/((-4)/102). Let t = 104 + a. Suppose -67*r + 68*r = t. List the prime factors of r.
53
Let g(b) = 24*b - 40. Let h be g(8). Let z = h + 124. What are the prime factors of z?
2, 3, 23
Let k(d) = -261*d - 12125. What are the prime factors of k(-146)?
25981
Let x(j) = -5*j**3 - j**2 + 5*j + 6. Let m be x(-1). Suppose 0*y = -y + i + 193, m*y - 947 = -4*i. List the prime factors of y.
191
Suppose 0*l + 17*l - 195605 = 367554. What are the prime factors of l?
157, 211
Suppose t = 6*i + 20707, 41414 = -24*t + 26*t - 3*i. List the prime factors of t.
20707
What are the prime factors of 210/(-840) + 4/(32/32298)?
11, 367
Suppose 5*s + 879 = 2499. What are the prime factors of (s/(-15))/((-3)/45)?
2, 3
Let r(f) = -6891*f + 1. List the prime factors of r(-2).
7, 11, 179
Let m = -33 - -32. Let s be 0*(0/14 - m/2). Suppose -v + 145 + s = 0. List the prime factors of v.
5, 29
Let o be (-24)/(-16)*(-1938)/9. Let c = -233 - o. List the prime factors of c.
2, 3, 5
Let v = 808 + -804. List the prime factors of (3 - (-9 + -325))*v.
2, 337
Suppose 2866 = 107*k - 1581269. What are the prime factors of k?
3, 5, 7, 47
Let f = -81 - -84. Suppose -3*g + 1790 = 5*x + g, -f*g = -2*x + 716. Suppose -192 = -5*u + x. What are the prime factors of u?
2, 5, 11
Suppose -v + 21629 = -5*t, 0 = -5*v - 31*t + 35*t + 108271. List the prime factors of v.
11, 179
Let m be -1 - ((-2)/(-3))/(10/(-15)). List the prime factors of (653 - m) + 1 + 8/8.
5, 131
Let w(u) = 28*u + 42*u**2 + 3*u**2 - 72 - 2*u**3 + 10. What are the prime factors of w(23)?
53
Let v(l) = -5*l**2 - 119*l + 4. Let y be (34/2)/(73 - 74). What are the prime factors of v(y)?
2, 3, 97
Suppose -179747 - 155299 = -57*l. List the prime factors of l.
2, 2939
Let b(d) = d**2 + 6*d - 5. Let t be b(3). Suppose -2*u = 4*v - t, 3*u = -3*v - u + 14. Let x(o) = -6*o + 53. What are the prime factors of x(v)?
17
What are the prime factors of (4/(-8))/((-187841)/500848 + 6/16)?
2, 1361
Let t(b) = -b**3 + 8*b**2 - 2*b + 18. Let s be t(8). List the prime factors of -5 + 847 + (s - -3).
7, 11
Let z be (((-10)/(-4))/(-5))/((-5)/(-280)). What are the prime factors of 457 - (-5)/(35/z)?
3, 151
Let h be 3/(9/262)*(-105)/(-7). Suppose 8*y = -h - 402. Let i = -146 - y. What are the prime factors of i?
2, 17
Let p = 59 + -65. Let u be -4 + (-18)/15 - 2/(-10). List the prime factors of (p + 0)/2 + u + 26.
2, 3
Suppose 0 = 4*c + 4*a - 12500, -4683 = 4*c + 3*a - 17185. Suppose -5*p + 2*w + 3129 = 5*w, -5*p - 4*w = -c. What are the prime factors of p?
3, 11, 19
Suppose -35*j = -14*j - 173376. Suppose -j = -v - 5*v. What are the prime factors of v?
2, 43
Let l(q) = -5*q + 5 + 2*q + q**3 + 2*q + q**2. Let d = -515 + 519. List the prime factors of l(d).
3
Suppose -3 = 7*z - 10*z. Let t(s) = -92*s**3 + s. Let c be t(z). Let l = c + 172. What are the prime factors of l?
3
Let z be (250/15)/(2/6). Suppose 44*f + 30 = z*f. Suppose -2*u - u + f*t = -488, -456 = -3*u - 3*t. List the prime factors of u.
2, 3, 13
Let l = -426 + 428. List the prime factors of (10 - -872)*((-4)/l - -3).
2, 3, 7
Let p be (-2 - -1)/(3/15). What are the prime factors of 2 + p - (-580 - 0)?
577
Let f be (2188/(-6))/(20/(-30)). Suppose -405 = 4*n + f. Let o = -143 - n. List the prime factors of o.
5, 19
Let y = -789 - -9267. What are the prime factors of y?
2, 3, 157
Suppose 4*f = -4*x - 147 - 173, 3*x = 4*f + 341. Let g(i) = -i**3 + 26*i**2 - 75*i - 41. Let n be g(22). Let b = n + f. What are the prime factors of b?
2, 3
Let t = 5 - 5. Suppose 3*r + 2892 - 2898 = 0. Suppose 0 = 2*h - 2 - t, 482 = r*s - 2*h. What are the prime factors of s?
2, 11
List the prime factors of 4/8 + (-27)/(-27)*20641/2.
10321
Let l(k) = 236*k**2 + 131*k + 17. List the prime factors of l(15).
2, 27541
Let g(d) = -d. Let n be g(-3). Suppose -n*z = -13 + 37. Let l(m) = m**3 + 10*m**2 + m - 10. List the prime factors of l(z).
2, 5, 11
Suppose 111228 = 48*n - 61*n + 36*n. What are the prime factors of n?
2, 3, 13, 31
Suppose a = 133*d - 131*d - 39349, 0 = -5*d - a + 98383. What are the prime factors of d?
2, 4919
Let h = 52 - -68. What are the prime factors of ((-32)/5)/((-2)/h)?
2, 3
Suppose -39913 = -5*b + 8*j, -3*b = -9*j + 6*j - 23955. What are the prime factors of b?
3, 2663
Suppose -2*t = -y - 321, 0*t - 4*y + 465 = 3*t. List the prime factors of t + -5 + (-4 - -8).
2, 79
Let o(k) = 10*k**2 - 4*k + 1009. What are the prime factors of o(0)?
1009
Suppose w - 2 = -2*s - 8, -5*s = 15. Suppose 11*c - 14*c + 87 = w. Suppose -z - 3*i + i = -c, -4*z - 2*i = -128. What are the prime factors of z?
3, 11
Let i be 58/(9/(-3) + 280/92). Suppose 4*n = -4*z + 2664, 2*z + 3*n + n = i. List the prime factors of z.
5, 7, 19
Suppose 4*g - 132195 = -3*s, -129*g + 127*g = -3*s + 132177. List the prime factors of s.
3, 19, 773
Let c(v) = 1417*v**2 - 1419*v**2 - 60*v + 25 + 13. List the prime factors of c(-25).
2, 3
What are the prime factors of 2/(-20) - 952023*(-25)/750?
2, 3, 41, 43
What are the prime factors of 4271*1*(-12)/(-6)?
2, 4271
Suppose 5*m + 3*x - 2 = 5*x, 0 = 2*m - 4*x + 12. List the prime factors of 0 + (m/4 - (-650)/4).
163
Suppose 19*y - 108 = 16*y. Suppose 0 = 3*i + y - 3282. Suppose -434 = 6*t - i. List the prime factors of t.
2, 3
Suppose -4*v + y = -50, y - 22 = -2*v - 0. List the prime factors of (-1)/v*-7102 - (-1)/6.
2, 37
Suppose 3*h + 14*o - 13*o = 926, o - 1236 = -4*h. Let n = h + -168. What are the prime factors of n?
2, 71
Let k = 40139 - 22911. What are the prime factors of k?
2, 59, 73
Suppose 0 = 4*i, 14*i - 39 = 3*u + 10*i. Let m(a) = 5*a**2 + 2*a - 202. List the prime factors of m(u).
617
Let l(m) = -4*m - 118. Let g be l(-51). Let d = 184 - g. What are the prime factors of d?
2, 7
Suppose -5*o = 15*h - 12*h - 192756, 3*o - 4*h = 115642. What are the prime factors of o?
2, 3, 5, 257
Suppose 0 = -3*o + 8*o - 20. Let c = 1024 + -714. Suppose 0 = -o*l - 54 + c. List the prime factors of l.
2
Let x be (0/2)/((-3 + -6)/(-9)). Suppose -552 = 4*v - 8*v - r, -3*v - 3*r + 414 = x. What are the prime factors of v?
2, 3, 23
Suppose 17*x = 11*x + 12. Suppose -14 = 4*h - 4*a - 6, 0 = 2*h + 3*a - 11. What are the prime factors of 100/250*-185*(h - x)?
2, 37
Let w be -2 + -1 + 2 + 5. Suppose 437 = 12*b + 401. Suppose w*o + 5*z = 213, -b*o + 166 = z + 4*z. What are the prime factors of o?
47
Let y be -1 + 7/((-7)/(-3)). Suppose 2*o + c = -2*c + 173, -2*c + 168 = y*o. Suppose 5*h - o - 36 = 0. List the prime factors of h.
23
Let b = 37 + -34. Suppose -b*a + 3*o + 12 = -12, 26 = 3*a - 4*o. What are the prime factors of 2*(-741)/(-12) + 3/a?
2, 31
Let t(j) = 3*j - 18 - 8 - 42 + 5. Let k be t(21). Suppose -227 = -k*r - r - 2*q, -q = 4*r - 887. List the prime factors of r.
13, 17
Let t = 1758 - -589. What are the prime factors of t?
2347
Let x(l) = -14*l**2 - 9*l**2 + 3*l**3 + 6 + 8*l + 15*l**2. What are the prime factors of x(4)?
2, 3, 17
Suppose 3*q + v = 13, 3 = -3*q - v + 4*v. Suppose -1012 = q*j - 1438. List the prime factors of j.
2, 71
Suppose -4*j + 62 = q, 3*j - 5*q = 2 + 33. Suppose -2*r = -3*g + 284, 9*g - 4*g + 2*r = 500. Suppose -j*t + t = -g. List the prime factors of t.
7
Suppose -14*s + 297776 = 39*s - 16*s. List the prime factors of s.
2, 503
List the prime factors of 2*((-56412)/(-24) - 16).
7, 23, 29
Suppose -215*w + 277*w - 260772 = 0. List the prime factors of w.
2, 3, 701
Suppose 0 = -2*c + 10, -c + 2618 = 2*f + c. Let p = 765 - f. What are the prime factors of p/(-4) - (-36